 is the units digit of 999439780?
0
What is the units digit of 2461559359?
9
What is the hundred thousands digit of 19226981?
2
What is the millions digit of 22452182?
2
What is the ten millions digit of 31905583?
3
What is the hundred millions digit of 2203195798?
2
What is the thousands digit of 527976624?
6
What is the ten thousands digit of 727563341?
6
What is the millions digit of 2868117?
2
What is the hundred millions digit of 1016302274?
0
What is the hundreds digit of 209964871?
8
What is the millions digit of 225649597?
5
What is the hundred thousands digit of 22395470?
3
What is the tens digit of 828740247?
4
What is the hundred millions digit of 1409970740?
4
What is the ten thousands digit of 80904160?
0
What is the ten millions digit of 2042706972?
4
What is the tens digit of 499207728?
2
What is the tens digit of 40819648?
4
What is the ten thousands digit of 369377749?
7
What is the ten thousands digit of 92090457?
9
What is the millions digit of 407800883?
7
What is the ten millions digit of 424418085?
2
What is the billions digit of 1595936737?
1
What is the ten millions digit of 751312924?
5
What is the ten millions digit of 1851826364?
5
What is the tens digit of 369098564?
6
What is the tens digit of 396310930?
3
What is the millions digit of 41216380?
1
What is the thousands digit of 782739553?
9
What is the hundred thousands digit of 62995745?
9
What is the hundreds digit of 96080313?
3
What is the hundreds digit of 534793718?
7
What is the thousands digit of 39422217?
2
What is the ten thousands digit of 2354061889?
6
What is the millions digit of 16797298?
6
What is the millions digit of 732513328?
2
What is the millions digit of 3674991058?
4
What is the ten millions digit of 60734047?
6
What is the tens digit of 193761785?
8
What is the ten thousands digit of 77799054?
9
What is the hundred thousands digit of 235575005?
5
What is the units digit of 45524582?
2
What is the units digit of 672612655?
5
What is the hundreds digit of 54730453?
4
What is the ten millions digit of 68657860?
6
What is the hundred thousands digit of 21451127?
4
What is the millions digit of 46786315?
6
What is the millions digit of 25088698?
5
What is the tens digit of 350751753?
5
What is the millions digit of 1363305579?
3
What is the hundred thousands digit of 224673839?
6
What is the thousands digit of 20633456?
3
What is the thousands digit of 546137385?
7
What is the units digit of 18587717?
7
What is the hundred thousands digit of 392568772?
5
What is the hundred millions digit of 241559814?
2
What is the ten thousands digit of 7630575?
3
What is the hundreds digit of 4126965867?
8
What is the hundreds digit of 100229410?
4
What is the thousands digit of 47458839?
8
What is the units digit of 400702585?
5
What is the thousands digit of 828151022?
1
What is the billions digit of 3700117754?
3
What is the ten thousands digit of 8647959?
4
What is the hundreds digit of 43953003?
0
What is the billions digit of 1249429891?
1
What is the ten millions digit of 1049427104?
4
What is the ten thousands digit of 88902077?
0
What is the ten thousands digit of 793147041?
4
What is the tens digit of 522160962?
6
What is the thousands digit of 866223886?
3
What is the ten thousands digit of 15331565?
3
What is the millions digit of 44784022?
4
What is the hundreds digit of 719044?
0
What is the millions digit of 394568226?
4
What is the hundred thousands digit of 2304416625?
4
What is the thousands digit of 1767390893?
0
What is the units digit of 1178354932?
2
What is the hundred millions digit of 105420978?
1
What is the tens digit of 23065102?
0
What is the hundred millions digit of 945715752?
9
What is the millions digit of 20617742?
0
What is the millions digit of 360638531?
0
What is the ten millions digit of 31429442?
3
What is the millions digit of 118294661?
8
What is the thousands digit of 1794303245?
3
What is the hundred thousands digit of 84691298?
6
What is the hundred thousands digit of 730900988?
9
What is the units digit of 576141795?
5
What is the tens digit of 183162057?
5
What is the thousands digit of 337448645?
8
What is the millions digit of 63899489?
3
What is the ten millions digit of 472328028?
7
What is the ten thousands digit of 11071403?
7
What is the ten thousands digit of 4770754423?
5
What is the units digit of 88923989?
9
What is the millions digit of 295776001?
5
What is the hundred millions digit of 266348011?
2
What is the thousands digit of 437826423?
6
What is the hundred thousands digit of 1506903279?
9
What is the ten millions digit of 2040290293?
4
What is the tens digit of 95402649?
4
What is the hundreds digit of 19525764?
7
What is the hundreds digit of 648675716?
7
What is the hundreds digit of 3438819616?
6
What is the millions digit of 1798618876?
8
What is the ten millions digit of 1810272559?
1
What is the thousands digit of 141237710?
7
What is the hundred millions digit of 903903724?
9
What is the tens digit of 1727581283?
8
What is the ten thousands digit of 204927610?
2
What is the hundred thousands digit of 606106549?
1
What is the ten millions digit of 341328752?
4
What is the millions digit of 778391317?
8
What is the millions digit of 150904005?
0
What is the millions digit of 57158103?
7
What is the hundred millions digit of 3617344375?
6
What is the units digit of 489646421?
1
What is the hundred thousands digit of 27009084?
0
What is the units digit of 90958556?
6
What is the units digit of 50495127?
7
What is the units digit of 5033064689?
9
What is the ten millions digit of 10579183?
1
What is the ten millions digit of 45437940?
4
What is the hundreds digit of 1924821316?
3
What is the hundred thousands digit of 1565728633?
7
What is the thousands digit of 59558969?
8
What is the tens digit of 65618547?
4
What is the hundred millions digit of 452272960?
4
What is the ten thousands digit of 147486923?
8
What is the tens digit of 9916294?
9
What is the hundreds digit of 102861420?
4
What is the hundred thousands digit of 373194237?
1
What is the ten thousands digit of 46905942?
0
What is the ten thousands digit of 299680520?
8
What is the thousands digit of 1624676722?
6
What is the units digit of 3017895250?
0
What is the tens digit of 1254769012?
1
What is the ten thousands digit of 13355850?
5
What is the hundred thousands digit of 329217374?
2
What is the billions digit of 5661428694?
5
What is the hundreds digit of 2641260627?
6
What is the ten thousands digit of 3878107522?
0
What is the units digit of 7442342566?
6
What is the hundred millions digit of 1965434947?
9
What is the ten millions digit of 67146080?
6
What is the units digit of 15007713?
3
What is the ten millions digit of 125188943?
2
What is the thousands digit of 2286135009?
5
What is the thousands digit of 27902197?
2
What is the thousands digit of 287354617?
4
What is the hundred millions digit of 140671981?
1
What is the thousands digit of 39839833?
9
What is the hundreds digit of 6804452796?
7
What is the hundreds digit of 58355021?
0
What is the units digit of 3711105360?
0
What is the millions digit of 4624052?
4
What is the hundred thousands digit of 128797009?
7
What is the ten millions digit of 6393717344?
9
What is the hundred thousands digit of 485548292?
5
What is the millions digit of 3588924445?
8
What is the hundreds digit of 801762480?
4
What is the millions digit of 2800817?
2
What is the units digit of 69127038?
8
What is the hundred thousands digit of 46244897?
2
What is the hundred thousands digit of 92025711?
0
What is the tens digit of 3672457538?
3
What is the hundreds digit of 540492169?
1
What is the millions digit of 24467757?
4
What is the ten thousands digit of 6104152185?
5
What is the hundred millions digit of 151536379?
1
What is the hundred thousands digit of 51824608?
8
What is the ten millions digit of 80653792?
8
What is the ten thousands digit of 521882600?
8
What is the thousands digit of 624230774?
0
What is the ten millions digit of 487597449?
8
What is the tens digit of 570407730?
3
What is the hundred millions digit of 276481838?
2
What is the ten millions digit of 675337619?
7
What is the millions digit of 717929743?
7
What is the units digit of 769376625?
5
What is the mil